{"id":48,"date":"2025-05-30T12:08:24","date_gmt":"2025-05-30T12:08:24","guid":{"rendered":"https:\/\/www.ecedemirci.com\/?page_id=48"},"modified":"2025-06-17T10:52:16","modified_gmt":"2025-06-17T10:52:16","slug":"biyografi","status":"publish","type":"page","link":"https:\/\/www.ecedemirci.com\/en_en\/biyografi\/","title":{"rendered":"BIOGRAPHY"},"content":{"rendered":"<div class=\"row row-collapse\"  id=\"row-1420103136\">\n\n\n\t<div id=\"col-303039647\" class=\"col small-12 large-12\"  >\n\t\t\t\t<div class=\"col-inner\"  >\n\t\t\t\n\t\t\t\n\n\n  <div class=\"banner has-hover\" id=\"banner-1157763319\">\n          <div class=\"banner-inner fill\">\n        <div class=\"banner-bg fill\" >\n            <div class=\"bg fill bg-fill\"><\/div>\n                                    \n                    <\/div>\n\t\t\n        <div class=\"banner-layers container\">\n            <div class=\"fill banner-link\"><\/div>            \n\n   <div id=\"text-box-366819738\" class=\"text-box banner-layer x50 md-x50 lg-x50 y50 md-y50 lg-y50 res-text\">\n                                <div class=\"text-box-content text dark\">\n              \n              <div class=\"text-inner text-center\">\n                  \n\n\n              <\/div>\n           <\/div>\n                            \n<style>\n#text-box-366819738 {\n  width: 60%;\n}\n#text-box-366819738 .text-box-content {\n  font-size: 100%;\n}\n@media (min-width:550px) {\n  #text-box-366819738 {\n    width: 60%;\n  }\n}\n<\/style>\n    <\/div>\n \n\n        <\/div>\n      <\/div>\n\n              <div class=\"height-fix is-invisible\"><img loading=\"lazy\" decoding=\"async\" width=\"1020\" height=\"370\" src=\"https:\/\/www.ecedemirci.com\/wp-content\/uploads\/2025\/05\/bckg_header.jpg\" class=\"attachment-large size-large\" alt=\"\" srcset=\"https:\/\/www.ecedemirci.com\/wp-content\/uploads\/2025\/05\/bckg_header.jpg 1024w, https:\/\/www.ecedemirci.com\/wp-content\/uploads\/2025\/05\/bckg_header-300x109.jpg 300w, https:\/\/www.ecedemirci.com\/wp-content\/uploads\/2025\/05\/bckg_header-768x278.jpg 768w\" sizes=\"auto, (max-width: 1020px) 100vw, 1020px\" \/><\/div>\n            \n<style>\n#banner-1157763319 .bg.bg-loaded {\n  background-image: url(https:\/\/www.ecedemirci.com\/wp-content\/uploads\/2025\/05\/bckg_header.jpg);\n}\n#banner-1157763319 {\n  background-color: rgb(4, 23, 34);\n}\n<\/style>\n  <\/div>\n\n\n\t<div id=\"gap-1156460476\" class=\"gap-element clearfix\" style=\"display:block; height:auto;\">\n\t\t\n<style>\n#gap-1156460476 {\n  padding-top: 30px;\n}\n<\/style>\n\t<\/div>\n\t\n\n\n\t\t<\/div>\n\t\t\t\t\t<\/div>\n\n\t\n\n\t<div id=\"col-1613282225\" class=\"col medium-2 small-4 large-2\"  >\n\t\t\t\t<div class=\"col-inner\"  >\n\t\t\t\n\t\t\t\n\n<h2>BIOGRAPHY<\/h2>\n\n\t\t<\/div>\n\t\t\t\t\n<style>\n#col-1613282225 > .col-inner {\n  padding: 0px 0px 0px 0px;\n}\n<\/style>\n\t<\/div>\n\n\t\n\n\t<div id=\"col-1917413385\" class=\"col medium-10 small-8 large-10\"  >\n\t\t\t\t<div class=\"col-inner\"  >\n\t\t\t\n\t\t\t\n\n<hr>\n\n\t\t<\/div>\n\t\t\t\t\t<\/div>\n\n\t\n\n\t<div id=\"col-912253035\" class=\"col small-12 large-12\"  >\n\t\t\t\t<div class=\"col-inner\"  >\n\t\t\t\n\t\t\t\n\n\t<div id=\"text-1273993477\" class=\"text\">\n\t\t\n\n<div style=\"overflow: hidden; margin-bottom: 30px;\"> <img loading=\"lazy\" decoding=\"async\" width=\"550\" height=\"366\" class=\"wp-image-330 size-full alignleft\" src=\"http:\/\/www.ecedemirci.com\/wp-content\/uploads\/2025\/06\/galeri-16b.jpg\" alt=\"Ece Demirci\" style=\"float: left; margin-right: 20px; width: 450px; height: auto; max-width: 100%;\" srcset=\"https:\/\/www.ecedemirci.com\/wp-content\/uploads\/2025\/06\/galeri-16b.jpg 550w, https:\/\/www.ecedemirci.com\/wp-content\/uploads\/2025\/06\/galeri-16b-300x200.jpg 300w\" sizes=\"auto, (max-width: 550px) 100vw, 550px\" \/> <\/p>\n<p>Ece Demirci, who started piano at the age of 8 with Rana Erksan, studied with State Artist G\u00fclsin Onay for a short time at MSGSU Istanbul State Conservatory, then continued her education with Prof. Metin \u00d6\u011f\u00fct and graduated from the graduate program. With the DAAD scholarship, one of the three scholarships she won, she studied with Prof. Bernhard Ebert at Hannover Musik Hochschule in Germany. Afterwards, she received her Master's and \u201cConcert Pianist\u201d (Konzert-Examen) diplomas from Prof. Catherine Vickers' class at Essen Folkwang Musik Hochschule.<\/p>\n<p>Demirci studied theory and composition with Cemal Re\u015fit Rey in his final semester, and worked privately with composer and pedagogue Ali Darmar during his graduate studies. In 1986, he attended the master classes of Prof. Peter Lang and Tatjana Nikolaijewa at the Mozarteum Academy with the Liones Scholarship. He participated in 1993 International Troy Music Festival, 1996 M\u00fcnster \u201cSpektakel\u201d, 1998 C.R.Rey International Piano Festival and 2006 and 2013 International Istanbul Music Festivals in solo and chamber music.<\/p>\n<p>His solo and orchestral concerts in international venues such as Tokyo, Bucharest, Salzburg and the 2019 Bayreuth Piano Festival were highly acclaimed. In Turkey, he has performed at important venues such as AKM, CRR Concert Hall, Aksanat, Borusan Music House, S\u00fcreyya Opera, Izmir Sanat and Ahmed Adnan Saygun Art Center, and played with orchestras such as Bilkent University Orchestra and Istanbul, Bursa and \u00c7ukurova State Symphony. Ece Demirci, who has albums titled \u201cPiano Sonare\u201d (2006) and \u201c85 Years in the Footsteps of the Keys\u201d (November 2015) released by Lila Music Company, is currently a professor at MSGSU Istanbul State Conservatory.<\/p>\n<\/p><\/div>\n\n\t\t\n<style>\n#text-1273993477 {\n  font-size: 1.2rem;\n  line-height: 1.35;\n}\n<\/style>\n\t<\/div>\n\t\n\n\t\t<\/div>\n\t\t\t\t\t<\/div>\n\n\t\n\n<\/div>","protected":false},"excerpt":{"rendered":"","protected":false},"author":1,"featured_media":0,"parent":0,"menu_order":0,"comment_status":"closed","ping_status":"closed","template":"","meta":{"footnotes":""},"class_list":["post-48","page","type-page","status-publish","hentry"],"_links":{"self":[{"href":"https:\/\/www.ecedemirci.com\/en_en\/wp-json\/wp\/v2\/pages\/48","targetHints":{"allow":["GET"]}}],"collection":[{"href":"https:\/\/www.ecedemirci.com\/en_en\/wp-json\/wp\/v2\/pages"}],"about":[{"href":"https:\/\/www.ecedemirci.com\/en_en\/wp-json\/wp\/v2\/types\/page"}],"author":[{"embeddable":true,"href":"https:\/\/www.ecedemirci.com\/en_en\/wp-json\/wp\/v2\/users\/1"}],"replies":[{"embeddable":true,"href":"https:\/\/www.ecedemirci.com\/en_en\/wp-json\/wp\/v2\/comments?post=48"}],"version-history":[{"count":33,"href":"https:\/\/www.ecedemirci.com\/en_en\/wp-json\/wp\/v2\/pages\/48\/revisions"}],"predecessor-version":[{"id":1021,"href":"https:\/\/www.ecedemirci.com\/en_en\/wp-json\/wp\/v2\/pages\/48\/revisions\/1021"}],"wp:attachment":[{"href":"https:\/\/www.ecedemirci.com\/en_en\/wp-json\/wp\/v2\/media?parent=48"}],"curies":[{"name":"wp","href":"https:\/\/api.w.org\/{rel}","templated":true}]}}

<div class="row row-collapse"  id="row-1420103136">


	<div id="col-303039647" class="col small-12 large-12"  >
				<div class="col-inner"  >
			
			


  <div class="banner has-hover" id="banner-1157763319">
          <div class="banner-inner fill">
        <div class="banner-bg fill" >
            <div class="bg fill bg-fill"></div>
                                    
                    </div>
		
        <div class="banner-layers container">
            <div class="fill banner-link"></div>            

   <div id="text-box-366819738" class="text-box banner-layer x50 md-x50 lg-x50 y50 md-y50 lg-y50 res-text">
                                <div class="text-box-content text dark">
              
              <div class="text-inner text-center">
                  


              </div>
           </div>
                            
<style>
#text-box-366819738 {
  width: 60%;
}
#text-box-366819738 .text-box-content {
  font-size: 100%;
}
@media (min-width:550px) {
  #text-box-366819738 {
    width: 60%;
  }
}
</style>
    </div>
 

        </div>
      </div>

              <div class="height-fix is-invisible"><img loading="lazy" decoding="async" width="1020" height="370" src="https://www.ecedemirci.com/wp-content/uploads/2025/05/bckg_header.jpg" class="attachment-large size-large" alt="" srcset="https://www.ecedemirci.com/wp-content/uploads/2025/05/bckg_header.jpg 1024w, https://www.ecedemirci.com/wp-content/uploads/2025/05/bckg_header-300x109.jpg 300w, https://www.ecedemirci.com/wp-content/uploads/2025/05/bckg_header-768x278.jpg 768w" sizes="auto, (max-width: 1020px) 100vw, 1020px" /></div>
            
<style>
#banner-1157763319 .bg.bg-loaded {
  background-image: url(https://www.ecedemirci.com/wp-content/uploads/2025/05/bckg_header.jpg);
}
#banner-1157763319 {
  background-color: rgb(4, 23, 34);
}
</style>
  </div>


	<div id="gap-1156460476" class="gap-element clearfix" style="display:block; height:auto;">
		
<style>
#gap-1156460476 {
  padding-top: 30px;
}
</style>
	</div>
	


		</div>
					</div>

	

	<div id="col-1613282225" class="col medium-2 small-4 large-2"  >
				<div class="col-inner"  >
			
			

<h2>BIOGRAPHY</h2>

		</div>
				
<style>
#col-1613282225 > .col-inner {
  padding: 0px 0px 0px 0px;
}
</style>
	</div>

	

	<div id="col-1917413385" class="col medium-10 small-8 large-10"  >
				<div class="col-inner"  >
			
			

<hr>

		</div>
					</div>

	

	<div id="col-912253035" class="col small-12 large-12"  >
				<div class="col-inner"  >
			
			

	<div id="text-1273993477" class="text">
		

<div style="overflow: hidden; margin-bottom: 30px;"> <img loading="lazy" decoding="async" width="550" height="366" class="wp-image-330 size-full alignleft" src="http://www.ecedemirci.com/wp-content/uploads/2025/06/galeri-16b.jpg" alt="Ece Demirci" style="float: left; margin-right: 20px; width: 450px; height: auto; max-width: 100%;" srcset="https://www.ecedemirci.com/wp-content/uploads/2025/06/galeri-16b.jpg 550w, https://www.ecedemirci.com/wp-content/uploads/2025/06/galeri-16b-300x200.jpg 300w" sizes="auto, (max-width: 550px) 100vw, 550px" /> </p>
<p>Ece Demirci, who started piano at the age of 8 with Rana Erksan, studied with State Artist Gülsin Onay for a short time at MSGSU Istanbul State Conservatory, then continued her education with Prof. Metin Öğüt and graduated from the graduate program. With the DAAD scholarship, one of the three scholarships she won, she studied with Prof. Bernhard Ebert at Hannover Musik Hochschule in Germany. Afterwards, she received her Master's and “Concert Pianist” (Konzert-Examen) diplomas from Prof. Catherine Vickers' class at Essen Folkwang Musik Hochschule.</p>
<p>Demirci studied theory and composition with Cemal Reşit Rey in his final semester, and worked privately with composer and pedagogue Ali Darmar during his graduate studies. In 1986, he attended the master classes of Prof. Peter Lang and Tatjana Nikolaijewa at the Mozarteum Academy with the Liones Scholarship. He participated in 1993 International Troy Music Festival, 1996 Münster “Spektakel”, 1998 C.R.Rey International Piano Festival and 2006 and 2013 International Istanbul Music Festivals in solo and chamber music.</p>
<p>His solo and orchestral concerts in international venues such as Tokyo, Bucharest, Salzburg and the 2019 Bayreuth Piano Festival were highly acclaimed. In Turkey, he has performed at important venues such as AKM, CRR Concert Hall, Aksanat, Borusan Music House, Süreyya Opera, Izmir Sanat and Ahmed Adnan Saygun Art Center, and played with orchestras such as Bilkent University Orchestra and Istanbul, Bursa and Çukurova State Symphony. Ece Demirci, who has albums titled “Piano Sonare” (2006) and “85 Years in the Footsteps of the Keys” (November 2015) released by Lila Music Company, is currently a professor at MSGSU Istanbul State Conservatory.</p>
</p></div>

		
<style>
#text-1273993477 {
  font-size: 1.2rem;
  line-height: 1.35;
}
</style>
	</div>
	

		</div>
					</div>

	

</div>
